en 23629 is divided by 422?
419
Calculate the remainder when 7201 is divided by 900.
1
What is the remainder when 16529 is divided by 825?
29
Calculate the remainder when 2512 is divided by 42.
34
Calculate the remainder when 5728 is divided by 1088.
288
Calculate the remainder when 79372 is divided by 9921.
4
What is the remainder when 19540 is divided by 215?
190
Calculate the remainder when 199161 is divided by 21.
18
What is the remainder when 5283 is divided by 5?
3
What is the remainder when 74919 is divided by 11?
9
Calculate the remainder when 2697 is divided by 217.
93
What is the remainder when 12332 is divided by 2307?
797
What is the remainder when 3677 is divided by 106?
73
Calculate the remainder when 234718 is divided by 213.
205
What is the remainder when 2980 is divided by 22?
10
What is the remainder when 8874 is divided by 8860?
14
Calculate the remainder when 11080 is divided by 792.
784
What is the remainder when 211846 is divided by 160?
6
Calculate the remainder when 148645 is divided by 74314.
17
Calculate the remainder when 11136 is divided by 5565.
6
Calculate the remainder when 21614 is divided by 3086.
12
What is the remainder when 86405 is divided by 21599?
9
What is the remainder when 4816 is divided by 4808?
8
What is the remainder when 2442948 is divided by 10?
8
Calculate the remainder when 21357 is divided by 667.
13
What is the remainder when 416620 is divided by 96?
76
What is the remainder when 48159 is divided by 349?
346
What is the remainder when 191619 is divided by 8?
3
What is the remainder when 6655 is divided by 1313?
90
What is the remainder when 429 is divided by 82?
19
Calculate the remainder when 1770 is divided by 99.
87
Calculate the remainder when 16270 is divided by 74.
64
What is the remainder when 14358 is divided by 101?
16
Calculate the remainder when 799105 is divided by 6.
1
Calculate the remainder when 4189 is divided by 4151.
38
Calculate the remainder when 21776 is divided by 29.
26
Calculate the remainder when 22694 is divided by 754.
74
What is the remainder when 1281 is divided by 421?
18
What is the remainder when 256722 is divided by 36671?
25
Calculate the remainder when 3419 is divided by 2429.
990
Calculate the remainder when 164545 is divided by 23.
3
Calculate the remainder when 1659 is divided by 24.
3
What is the remainder when 922 is divided by 151?
16
Calculate the remainder when 13795 is divided by 309.
199
Calculate the remainder when 171163 is divided by 150.
13
What is the remainder when 423 is divided by 323?
100
What is the remainder when 94164 is divided by 115?
94
What is the remainder when 641333 is divided by 1018?
1011
What is the remainder when 8888 is divided by 206?
30
What is the remainder when 95634 is divided by 520?
474
Calculate the remainder when 6479 is divided by 210.
179
What is the remainder when 31538 is divided by 21?
17
Calculate the remainder when 8780 is divided by 1647.
545
Calculate the remainder when 12735 is divided by 26.
21
What is the remainder when 187511 is divided by 399?
380
Calculate the remainder when 111299 is divided by 9.
5
Calculate the remainder when 57912 is divided by 27.
24
What is the remainder when 1080542 is divided by 197?
194
Calculate the remainder when 37048 is divided by 7.
4
Calculate the remainder when 3302275 is divided by 79.
75
Calculate the remainder when 32646 is divided by 17.
6
Calculate the remainder when 2905 is divided by 393.
154
Calculate the remainder when 4406 is divided by 1384.
254
What is the remainder when 2214294 is divided by 244?
238
What is the remainder when 5590 is divided by 721?
543
Calculate the remainder when 993 is divided by 193.
28
Calculate the remainder when 24761 is divided by 406.
401
What is the remainder when 14300 is divided by 9?
8
Calculate the remainder when 39660 is divided by 268.
264
What is the remainder when 152577 is divided by 42?
33
Calculate the remainder when 3764 is divided by 11.
2
Calculate the remainder when 4837 is divided by 15.
7
What is the remainder when 1209434 is divided by 134380?
14
What is the remainder when 3664 is divided by 148?
112
What is the remainder when 165530 is divided by 58?
56
Calculate the remainder when 4637 is divided by 333.
308
Calculate the remainder when 367279 is divided by 367272.
7
Calculate the remainder when 7903 is divided by 7592.
311
Calculate the remainder when 21778 is divided by 110.
108
What is the remainder when 49082 is divided by 243?
239
Calculate the remainder when 182223 is divided by 906.
117
Calculate the remainder when 5760 is divided by 1218.
888
Calculate the remainder when 23080 is divided by 222.
214
What is the remainder when 5648 is divided by 1400?
48
What is the remainder when 5136 is divided by 21?
12
Calculate the remainder when 24007 is divided by 35.
32
What is the remainder when 263863 is divided by 263862?
1
Calculate the remainder when 89132 is divided by 33.
32
What is the remainder when 288 is divided by 62?
40
Calculate the remainder when 6660 is divided by 779.
428
Calculate the remainder when 4208 is divided by 840.
8
What is the remainder when 45692 is divided by 65?
62
Calculate the remainder when 23278 is divided by 20.
18
Calculate the remainder when 2275 is divided by 2233.
42
Calculate the remainder when 81498 is divided by 20.
18
Calculate the remainder when 1199 is divided by 371.
86
Calculate the remainder when 1026864 is divided by 303.
300
What is the remainder when 67613 is divided by 117?
104
What is the remainder when 13948 is divided by 18?
16
Calculate the remainder when 29687 is divided by 9485.
1232
What is the remainder when 36040 is divided by 35994?
46
Calculate the remainder when 59071 is divided by 967.
84
What is the remainder when 64653 is divided by 8?
5
Calculate the remainder when 6115 is divided by 21.
4
What is the remainder when 48563 is divided by 213?
212
Calculate the remainder when 29974 is divided by 21.
7
What is the remainder when 13532 is divided by 367?
320
What is the remainder when 590614 is divided by 599?
0
What is the remainder when 4091 is divided by 3393?
698
Calculate the remainder when 38163 is divided by 116.
115
What is the remainder when 5044 is divided by 189?
130
What is the remainder when 4143 is divided by 407?
73
What is the remainder when 9706 is divided by 39?
34
What is the remainder when 72178 is divided by 239?
0
What is the remainder when 219948 is divided by 133?
99
What is the remainder when 14075 is divided by 3471?
191
Calculate the remainder when 18980 is divided by 101.
93
What is the remainder when 513253 is divided by 1076?
1
What is the remainder when 397 is divided by 178?
41
What is the remainder when 12949 is divided by 188?
165
Calculate the remainder when 15553 is divided by 4897.
862
Calculate the remainder when 415643 is divided by 228.
227
What is the remainder when 87741 is divided by 48?
45
What is the remainder when 87394 is divided by 77?
76
What is the remainder when 9058 is divided by 475?
33
Calculate the remainder when 13442 is divided by 1222.
0
What is the remainder when 4560 is divided by 4543?
17
What is the remainder when 477510 is divided by 62?
48
Calculate the remainder when 161769 is divided by 53.
13
Calculate the remainder when 30898 is divided by 101.
93
Calculate the remainder when 27923 is divided by 88.
27
What is the remainder when 572 is divided by 180?
32
Calculate the remainder when 4704 is divided by 1541.
81
Calculate the remainder when 98833 is divided by 32931.
40
What is the remainder when 6183 is divided by 135?
108
Calculate the remainder when 15038 is divided by 64.
62
Calculate the remainder when 153728 is divided by 24.
8
Calculate the remainder when 19827 is divided by 619.
19
What is the remainder when 12442 is divided by 22?
12
Calculate the remainder when 462857 is divided by 271.
260
Calculate the remainder when 251886 is divided by 11449.
8
Calculate the remainder when 377150 is divided by 284.
282
What is the remainder when 182900 is divided by 29?
26
What is the remainder when 36927 is divided by 18152?
623
What is the remainder when 4873 is divided by 834?
703
What is the remainder when 3750 is divided by 536?
534
What is the remainder when 6207 is divided b